ber?
False
Let w = 262032 + -100909. Is w a prime number?
True
Suppose -5 = 2*d + 5*h, -5*h = -4*d - 0*h + 65. Is (-2)/(-7) + d*27306/84 a composite number?
False
Let g(l) = 24440*l + 3299. Is g(3) a prime number?
False
Suppose 2*c = -3*x - 23, -5*x = 3*c - 2*c + 29. Is 1010 - (c - -9) - -6 a composite number?
True
Let s = -613186 + 1153413. Is s a prime number?
False
Let t(f) = f**2 + 20*f + 32. Let d be t(-20). Suppose 0 = 2*b + 6*b - d. Suppose -6*x = b*x - 1910. Is x prime?
True
Let h(a) = 133*a**2 - 205*a - 4200. Is h(-46) composite?
True
Let f(q) be the first derivative of q**4/4 + 6*q**3 - 45*q**2/2 - 23*q - 25. Is f(-20) a prime number?
False
Suppose -3*a - l = -3*l - 16, -2*l = -5*a + 28. Suppose -6310 = -4*z - a*z. Is z a prime number?
True
Let w(o) = 4*o**2 - 21*o + 354. Is w(55) composite?
False
Suppose 0 = 3*z - 2*z - 12. Suppose 2*g + z = -0*g. Is (g - -7)/((-1)/(-157)) composite?
False
Suppose p = 2*q + 7, -q - 20*p = -15*p - 2. Is 5/q*5/25*-25383 a composite number?
False
Let n be 288/45 - (-6)/(-15). Let t be (-3)/(-4)*(n - -2). Is ((-3)/t)/(-1)*206 composite?
False
Let p(u) = -5*u + 15. Let r(v) = 24*v - 76. Let j(s) = -14*p(s) - 3*r(s). Let t be j(-17). Suppose -3*l + 347 + t = 0. Is l a prime number?
False
Let m(p) = -4*p**2 + 41*p - 5. Let w be m(10). Suppose w*z = 3*y - 14253, 3*z - 7083 - 16672 = -5*y. Is y prime?
True
Suppose -4*m = 0, -3*k = 2*k + m - 45. Is 3 + (-3)/(k/(-6)) + 10058 a composite number?
True
Let h be (-5)/(-25)*5*4311. Let x = 8098 - h. Is x prime?
False
Let g = 75712 + -120038. Let r be ((-15)/25 + g/40)*-4. Suppose 5*s - 3*o = -0*o + r, -5*s + 4435 = -5*o. Is s a composite number?
False
Let u = 1647 + -3326. Let k = -360 - u. Is k composite?
False
Let j = 67661 + -32760. Is j a composite number?
True
Let q(p) = 25*p**2 + 16*p + 8. Let u be q(18). Let o = u + 20505. Is o a composite number?
False
Suppose 190*k - 336997916 = 295782074. Is k a composite number?
False
Let q = -114 + 74. Let j = -35 - q. Suppose -5*r = -j*p - 2415, -r + 4*p = -0*r - 495. Is r a composite number?
False
Let z = 6263 + -4093. Suppose -141 - 2053 = -2*s + 5*r, r - z = -2*s. Is s prime?
True
Suppose 24*r = 22*r - 5*d + 5615, r = 4*d + 2814. Let b = r + 31. Is b a composite number?
True
Let l(g) = -87*g**3 - 4*g - 4. Let a be l(-2). Suppose 2*t - a = -0*t. Let o = t - 15. Is o a composite number?
True
Suppose 20*h - 10049045 = -5*q + 15*h, 5*q = -4*h + 10049047. Is q prime?
False
Let o be -2*(2 + -3 + 0). Let w(c) = 510*c + 67. Let n be w(6). Suppose 6*g + 5*x - n = o*g, 6 = 2*x. Is g a composite number?
True
Is (11 - 3) + (4 - 3) + 88888 a prime number?
True
Let l(s) = s**3 + 20*s**2 + 2*s + 46. Let g = -46 - -26. Let t be l(g). Suppose -t*c + 10*c - 2540 = 0. Is c a prime number?
False
Let l(k) = 37*k**3 - k**2 + 65*k - 130. Is l(11) composite?
False
Let l(d) = -2*d**2 - 28*d + 30. Let v be l(-15). Suppose v = 5*q - 342 - 5273. Is q composite?
False
Let d be (-50)/14 + 3 + (-275)/(-77). Suppose 0 - 12 = 4*z, -2*z + 38421 = d*m. Is m composite?
False
Suppose -94*q + 36 = -88*q. Suppose -q*i + i + 5*s = -33350, s = 3. Is i composite?
False
Let s = -750 + 753. Suppose 25495 = 5*a + s*z, 91*z = a + 87*z - 5099. Is a prime?
True
Let q(f) = -5978*f + 935. Is q(-24) a prime number?
True
Is 6 + (-2146938)/(-24) - 9/12 prime?
False
Let q = 114246 - -43295. Is q a composite number?
True
Suppose -8999043 - 9828241 = -64*s + 22939180. Is s prime?
True
Is (5693 - 92) + 16/2 a composite number?
True
Let d(k) = 5*k - 16. Let z be d(6). Suppose -66097 = z*p - 779145. Is 2/9 + (p/36 - -2) a composite number?
True
Let j = 77 - 75. Suppose -j*h + 21 = 5*h. Suppose -4696 - 2741 = -h*i. Is i prime?
False
Let f(b) = -2*b**3 - b**2 + 7*b + 16. Let i be f(-3). Let k(r) = 261*r + 115. Is k(i) composite?
True
Let v = -1795 + 3554. Let r = v + 162. Is r a prime number?
False
Suppose -p + 4*f + 11589 = 0, 92*p + 3*f - 11603 = 91*p. Is p a prime number?
True
Let s(b) = 28*b - 5. Let d(t) = -202*t - 210*t + 413*t. Let j(a) = -2*d(a) + s(a). Is j(21) a composite number?
False
Suppose 185 = -8*z + 1489. Let l = 3088 + z. Is l a composite number?
False
Let z = -27 + 31. Suppose -4*x = -2*b - 1268, 5*b = z*x - 459 - 797. Is x a composite number?
True
Suppose -23161 = -h + 66401. Suppose 0 = -6*y + 28404 + h. Is y a composite number?
False
Is (-3)/(4/(-24)*3) - -198011 prime?
True
Let d = 1882 - -5464. Suppose -d - 9881 = -7*m. Is m a composite number?
True
Suppose -5*z + 16*m - 19*m = -38756, 3*z = 4*m + 23271. Is z composite?
False
Let q(k) = -5 + 556*k + 71 - 15*k - 26*k. Is q(11) a prime number?
False
Is 1148/(-287) - 246/(2/(-7447) - 0) a prime number?
False
Suppose 6*z + r - 1676185 = 612697, -3*r = -4*z + 1525936. Is z composite?
False
Let x(o) be the second derivative of 17*o**4/12 - o**3 - 29*o**2/2 - 80*o. Is x(-4) prime?
False
Let s be -549*(-2 + 1) + 3. Suppose s = -3*y + 4*f, -278 = 5*y - 5*f + 647. Is ((-1)/(-2))/((-2)/y) prime?
True
Let w(t) = -1260*t - 11. Let y = 64 - 47. Let g(l) = 3779*l + 32. Let j(x) = y*w(x) + 6*g(x). Is j(2) prime?
False
Let o(g) = -6*g + 63. Let i be o(13). Is 979 + i/20*-8 a composite number?
True
Let i(h) = -h**2 + 11*h + 14. Let j be i(12). Let y be (0/(-4))/(((-2)/j)/(-1)). Suppose 4*z + 4*l = 216, y = -4*z - 5*l + 151 + 60. Is z composite?
False
Let f be (-56 - -53)/((-16)/(-22) + -1). Suppose 0 = f*b + 3*b - 26642. Is b composite?
True
Suppose 0 = 55*b - 2*b - 3101 - 356186. Is b a prime number?
True
Let d be 48/(-24)*6/4 - -112098. Suppose -2*p + 32*z = 34*z - 44846, 0 = 5*p - 5*z - d. Is p a prime number?
False
Let z(j) = -64*j + 7. Suppose 2*w = w + 4*g - 3, 5*g = -4*w + 30. Suppose 3*v - 2 = 4*s + w, -3*v + s = 5. Is z(v) a prime number?
True
Is 6 + -13 + 4495968/(1 + 3) composite?
True
Suppose -2*f + 17 = 5. Suppose 2*a = -2*o + 12, -3*o - 2*a = -3*a - f. Suppose o*n - 790 = -121. Is n a composite number?
False
Suppose 44*m + 119*m = 32076281. Is m prime?
False
Let x = -295 + 295. Is (x - 1)*(-7797)/3 composite?
True
Let k(d) = -8*d + 37. Let y be k(-11). Suppose -y*z = -129*z + 23020. Is z a composite number?
True
Let h(s) = -981*s + 56. Let l be h(3). Let u = l + 7214. Is u a composite number?
False
Let l = -35630 - -111235. Is l a composite number?
True
Suppose 31*x = -118*x - 10336020 + 44150825. Is x a composite number?
True
Suppose -5*p = -2*x - 60, -5*p = x - 0*x - 45. Let a be 520/5460 - 23/21. Is -2 + (-1903)/a - 0/p a composite number?
False
Is (1162249 - (-1144)/26)/(3 - 0) prime?
False
Is 11 + (-21 - -14) - ((-188883)/3 - -2) a composite number?
True
Let x = 31365 + -15926. Is x prime?
True
Suppose 5*y - l - 111068 = 2*l, 4*y - 88849 = -3*l. Suppose y = 3*w + a, -w + 3*w = 3*a + 14794. Is w a composite number?
True
Is (84/(-36))/(1 + (-698657)/(-349329) - 3) a composite number?
True
Suppose 2*a = -2*q + 8450, 0*a = 3*a - q - 12663. Suppose z = 5*k + 10568, z = 2*k - 2*z + a. Let d = -1447 - k. Is d composite?
True
Let s(j) = 41*j**2 - 9*j + 919. Is s(-105) composite?
False
Let f be (327/(-9))/((-1)/(-6)) - -1. Let z = 323 + f. Is z prime?
False
Let i(r) = -r**2 - 3*r + 1. Let j be i(-5). Let b be (-19)/(30/j + 3). Suppose -5*d = -8*d + b. Is d a composite number?
False
Suppose 2*q = -2, 3*y - 44438 = -0*y - q. Is y a prime number?
True
Let s(i) = 50*i + 142. Let c(p) = 50*p + 143. Let w(n) = 3*c(n) - 4*s(n). Is w(-7) a prime number?
True
Suppose 9*g - 335 = -290. Suppose 2*l - g*y = -y + 23576, -3 = -y. Is l a prime number?
False
Suppose 0 = 3*x + 4*g - 534227, 2*x = 4*g + 402938 - 46760. Is x prime?
False
Suppose -3*s - 66 = 129. Let z = s + 66. Is 17/51*(z + 6302) prime?
False
Let x(v) = 647*v + 23. Let h(t) = -2588*t - 91. Let l(b) = -2*h(b) - 9*x(b). Let c(i) = 645*i + 24. Let z(d) = -6*c(d) - 5*l(d). Is z(-4) composite?
False
Suppose -198796635 = -250*t + 469*t - 264*t. Is t prime?
True
Let n(q) = -q**3 - 16*q**2 + 7*q - 35. Let a be n(-17). Let z be (-9)/18*0/(1*-2). Suppose z = -c + 2*w + a, -5*c + 3*w + 735 = 5*w. Is c prime?
False
Let y(s) = 610*s + 561. Is y(23) composite?
False
Is 188465824/413 + (-35)/49 composite?
True
Suppose 5*c = 2*y - 4, -3*c = 2*c. Suppose -2*s + h = -9534, -y*s - 3*h = -s - 4781. Is s composite?
True
Suppose -k = -3*k - 4*o + 26, 29 = 5*k + o. Let n = 5 - k